i - 108. Let x = 64 + l. What is the units digit of x?
4
Let w(a) = a**3 + 3*a - 3. Let j be w(2). Suppose -j = 2*x - 45. What is the units digit of x?
7
Let u(j) = 5*j + 16. Let p(a) = 14*a + 47. Let x(y) = 4*p(y) - 11*u(y). What is the units digit of x(-10)?
2
Let v(q) = q + 2. Let a = 1 - 0. Suppose -3*o - a + 7 = -4*y, 4*y - 2 = -o. What is the units digit of v(y)?
2
Let r = -13 + 15. What is the units digit of 1/r + 34/4?
9
Suppose 0 = 4*w + 14 + 2. Let t(h) = -h - 6. Let r be t(w). Let c(x) = -7*x - 3. What is the units digit of c(r)?
1
Suppose -2*k = 5*u - 170, -2*k - k = -3*u - 213. What is the units digit of k?
5
Suppose -n + 2*w + 56 = -29, -5*w - 73 = -n. What is the tens digit of n?
9
Suppose 194 - 34 = 4*y. Suppose 0 = -3*l + l + y. Let w = l - 8. What is the tens digit of w?
1
Suppose -2*o - 12 = -o. Let d = o - -20. Let m = d - 1. What is the units digit of m?
7
Let p(x) = x - 6*x + 1 - 6 + 3 - x**2. What is the units digit of p(-4)?
2
Suppose -2*a + 2 = -5*k, 24 = 3*a + 2*k + 2. Suppose -4*u + a = -2*u. What is the units digit of u?
3
Suppose 5*u - 25 = -3*s - 5, -4*s = 2*u - 22. Suppose -4*b + 36 = -2*m + 4*m, 0 = s*b - 2*m - 63. What is the units digit of b?
1
Let x be 15/3*4/(-10). Let j(n) = -2*n - 3. What is the units digit of j(x)?
1
Let f(j) = 8*j - 1. What is the units digit of f(3)?
3
Let k(s) = s**2 - 3*s + 1. Let p be k(4). Let o(f) = 3*f - 6. Let x be o(p). Let h = x + -4. What is the units digit of h?
5
Let f be (0 - -3)*(-14)/(-21). Suppose 67 = f*i - 5*r, r = -2*i + 4*r + 57. What is the units digit of i?
1
Let b(u) = -u**3 + 7*u**2 - 1. Let s be b(7). Let l(d) be the first derivative of -3*d**4/4 - d**3/3 + d**2/2 + d + 8. What is the units digit of l(s)?
2
Let w = 20 - 3. Let n = w + -11. What is the units digit of n?
6
Suppose 0*a + 4 = a. Suppose -a*z + 3*z = -9. What is the units digit of z?
9
Let b be 8/(2/(-1 + 2)). Let g(z) = 6*z - 1. What is the tens digit of g(b)?
2
Suppose 0 = 2*w + 2*k - 2, -3*w = k - 6 - 1. Let m(s) = 5*s. What is the tens digit of m(w)?
1
Suppose -10*u + 5*u = 20. Let h = 20 - 12. Let z = u + h. What is the units digit of z?
4
What is the units digit of (63/(-6))/(15/(-190))?
3
Let f(j) = 13*j**2 + j + 2. What is the tens digit of f(2)?
5
Suppose -2*k = 5*r - 6*k + 3, 4*r = 2*k. Let v = -7 + 9. What is the units digit of 6*r - (4 - v)?
4
Let k be 2*2/(-10)*15. Let v = k - -10. What is the units digit of (-99)/(-12) - 1/v?
8
What is the tens digit of 98 - (-8 - 0)/2?
0
Suppose 0 = -2*v + 47 + 63. What is the tens digit of v?
5
Let j(c) = -c**2 - 13*c - 5. Let l = -25 - -14. What is the units digit of j(l)?
7
Suppose -15 = -3*t + 3*j, t - 2*j = 4*t. Let s(h) = -15*h + 12*h**t + 15*h. What is the units digit of s(1)?
2
Let w(c) = -3*c**2 - 13*c - 2. Let s(x) = -4*x**2 - 14*x - 2. Let d(r) = -2*s(r) + 3*w(r). Let z be d(-7). Suppose z = a + a. What is the tens digit of a?
1
Let b(v) = v - 11. Let q(x) = x**3 - x + 7. Let k be q(0). Let p(l) = -3*l + 23. Let s(g) = k*b(g) + 3*p(g). What is the units digit of s(-6)?
4
Let k be -2 + 4 + (-6)/(-3). Let l = k + 3. Let p(b) = -b**2 + 9*b - 10. What is the units digit of p(l)?
4
Let r(d) = -3*d - d + 2*d + 4 - d**2 - 5*d. What is the units digit of r(-7)?
4
Let d(v) = v + 13. Let p be d(-10). Let w = p - 0. What is the units digit of w?
3
Let a(v) = -v**3 + 9*v**2 - 9*v + 4. Let k be a(8). Let x = 6 + k. What is the units digit of x?
2
Let p = 82 + -38. What is the units digit of p?
4
Let t = -87 + 206. What is the tens digit of t?
1
Suppose -4*s = -4, -20 = -r - 4*r + 5*s. Let w(p) = p**2 - 6*p + 7. Let v be w(r). Suppose 2 = -o - v*d - 2, 4*o - 12 = -d. What is the units digit of o?
4
Let b(u) = -5*u**2 + 7*u + 2. Let p be b(8). What is the units digit of (-12)/(-42) - p/14?
9
Let c(a) = -a - 11. What is the units digit of c(-12)?
1
Let i = -3 + -1. Let d(h) = h**3 + 4*h**2 - h + 5. What is the units digit of d(i)?
9
Let c(q) = 10*q**2 + q - 2. Let i be c(-2). Let a = -36 - i. What is the units digit of a/(-20)*10/4?
9
Let t(p) = 20*p + 24. Let n(c) = -4*c - 5. Let d(b) = -28*n(b) - 6*t(b). What is the units digit of d(-5)?
6
Let u be -2 - -6 - (1 - 0). Let y(o) = o**2 - 4. Let g be y(u). Let p = 6 - g. What is the units digit of p?
1
Let a be (-1)/2 - 11/(-2). Let b(m) = -1 - a*m**2 + 2*m + 4*m**2 + m. What is the units digit of b(1)?
1
Let b = 152 - 74. What is the tens digit of b?
7
Suppose 26 = -4*d + 770. What is the tens digit of d?
8
Suppose 2*q + 3*r - 78 = 0, -6 = -4*q + 5*r + 150. What is the tens digit of q?
3
Suppose 0 = -2*c + 319 + 331. What is the tens digit of c?
2
Let k(c) = c**3 - 6*c**2 - 2. Let n be k(6). Let b(f) = -8*f - 2. What is the tens digit of b(n)?
1
Let v be (4 - 3)/(1/(-5)). Let g = v - -16. What is the units digit of g?
1
Let m = 11 + -15. Let j = m - -24. What is the units digit of j?
0
Suppose c = 4*u + 48, -4*c + 8*u = 3*u - 159. What is the units digit of c?
6
Suppose 0 = -5*w + 380 - 0. What is the tens digit of w?
7
Let w be (1 - 27/6)*-2. Suppose -5*t = k + w, -k + 6*k + 170 = 2*t. What is the units digit of (-21)/4*k/12?
4
Suppose 7*s = 2*s + 20. Suppose -s*z + 26 = -2*z. What is the units digit of z?
3
Suppose 4*h - 90 = 6. What is the units digit of h?
4
Let w(m) = -2*m**3 - 4*m**2 - 4*m - 3. Let g be w(-2). Let t be (-1 + (-10)/(-6))*6. Suppose 8 - 37 = -g*f + t*l, 4*f + 2*l = 44. What is the units digit of f?
9
Let v be (1 + 0)*(-3 - -1). Let y = v + 4. Let x(r) = 7*r - 3. What is the tens digit of x(y)?
1
Let c = 10 - 6. Suppose -5*a = 4*p - 3*a - 2, p - c*a = 14. Let t = p + 2. What is the units digit of t?
4
Suppose -10 - 10 = 5*z, 2*z + 11 = 3*v. Let w = 4 - v. Suppose w*y = 2*y + 10. What is the tens digit of y?
1
Suppose -2*k + 8 = 2*f, 4*k + 5*f - 16 = 2. Suppose -2*b + 0 - 16 = -k*n, 5*b = 2*n - 31. Suppose -n*p + 8*p - 40 = 0. What is the units digit of p?
8
Suppose 2*v = -v + 24. Let n(o) = o**2 - 6*o - 4. Let q be n(v). Let y = 23 - q. What is the units digit of y?
1
Let z(w) = w - 2. Let n be z(6). Suppose -28 = -n*x + 2*l, -x + 0*l + 5*l + 16 = 0. What is the units digit of 2*(39/x + -3)?
7
Suppose 0*o - 3*o + 24 = 0. Let s(x) = 4*x - 3. What is the tens digit of s(o)?
2
Let p(q) = -5*q. Let w be p(-2). Let c be (w/(-4))/((-2)/4). Suppose 5 = c*i + 15, -5*o = 3*i - 24. What is the units digit of o?
6
Suppose 19*d - 8*d = 154. What is the tens digit of d?
1
Let z be 8/(-3)*(-3)/2. Suppose -3*y = 2*r + 6, -8*y = r - z*y - 2. What is the units digit of -4 - -5 - r/2?
4
Let w be 2/6*(17 - -1). Suppose -4*c = -w*c + 46. What is the units digit of c?
3
Let r(c) = 12*c**2 + 5*c + 4. Let j be r(-2). Suppose -4*v + 34 = -j. What is the tens digit of v?
1
What is the tens digit of 67*5 - (-12 + 9)?
3
Let r(g) = -g**3 - 10*g**2 + 9*g - 7. Let q be r(-11). Let m = -20 + 28. Suppose m*a = 3*a + q. What is the units digit of a?
3
Let w be 43 + -3 - (1 + 1). Let y = 60 - w. What is the tens digit of y?
2
Suppose -d + 3*u = 15, -d - 23 + 0 = -5*u. What is the tens digit of (d/(-4))/(5/100)?
1
Let a(v) = -v**3 + 5*v**2 - 3*v + 4. Let c be (4/(-1) + 2)*-2. Let q be (c/(-6))/(2/(-12)). What is the units digit of a(q)?
8
Let d(l) = -4*l - 2. Let v be d(-3). Let b(t) = -t**2 + 10*t + 3. Let z be b(v). Suppose 5*s - 38 = z*u, 0*s = 3*s - 4*u - 14. What is the tens digit of s?
1
Let c(b) = -b**2 - 2*b + 3. Let z be c(2). Let x = z + 9. What is the units digit of x?
4
Let v(p) = 11*p**2 + 22*p - 4. What is the tens digit of v(-4)?
8
Let s be -3 - (-5)/(10/4). Let j be s - (-2 + (3 - 0)). What is the units digit of (-1 + (-3)/j)*2?
1
Suppose 4*y + 8 = 3*u - 42, -3*u = 2*y - 74. What is the tens digit of u?
2
Let d = 34 + -38. Suppose -2*k - 1 = 3*y + 3, 0 = 2*k - 3*y + 28. Let n = d - k. What is the units digit of n?
4
Suppose -348 - 532 = -10*y. What is the tens digit of y?
8
Suppose 0 = 2*i - 2 - 20. Let p = 34 - i. What is the tens digit of p?
2
Let r(w) = -2*w - 1. Let s be r(-3). Suppose d - s*a + 37 = 3*d, -3*d + a + 30 = 0. What is the tens digit of d?
1
Let w(m) = m**2 - 5*m. Let g be w(5). Suppose 2*c + g*c = 32. What is the units digit of c?
6
What is the tens digit of ((-60)/14)/((-2)/14)?
3
What is the tens digit of 1884/14 + 1 + (-33)/21?
3
Let h = 42 + -64. Let w = h - -35. What is the tens 